se
Is 85335827 prime?
False
Is 6714815 composite?
True
Is 257219 a composite number?
False
Is 250641263 prime?
False
Is 366874 composite?
True
Is 19534111 a prime number?
True
Is 652259 composite?
True
Is 538305601 a prime number?
True
Is 84647137 composite?
False
Is 4253011 composite?
True
Is 17865607 prime?
True
Is 9749491 composite?
False
Is 99914 a composite number?
True
Is 891937 composite?
True
Is 88214963 composite?
False
Is 143732899 a composite number?
False
Is 78938719 prime?
True
Is 87091171 a composite number?
True
Is 26668319 a prime number?
True
Is 10937021 prime?
False
Is 166921 prime?
False
Is 1095649 a composite number?
True
Is 29918401 a composite number?
True
Is 9117098 prime?
False
Is 1080329 composite?
False
Is 104072237 composite?
True
Is 1618339 a prime number?
False
Is 5200237 prime?
False
Is 76968439 composite?
True
Is 80501921 a composite number?
True
Is 1009741 a prime number?
True
Is 45248737 composite?
False
Is 4151531 composite?
False
Is 21706547 a composite number?
True
Is 300170261 prime?
True
Is 21795817 a composite number?
False
Is 49804889 prime?
False
Is 95319971 a composite number?
False
Is 749677 a composite number?
False
Is 3580331 prime?
True
Is 46417367 prime?
True
Is 1277053 prime?
False
Is 437683891 prime?
False
Is 53006383 prime?
False
Is 1201847 a composite number?
True
Is 210073 prime?
False
Is 25858493 a prime number?
False
Is 16446319 a composite number?
True
Is 1484347 a composite number?
False
Is 9319273 composite?
True
Is 3981649 a composite number?
True
Is 888697237 composite?
False
Is 78238793 a prime number?
True
Is 280729 composite?
False
Is 10494331 a prime number?
True
Is 2415307 prime?
False
Is 2157053 a prime number?
False
Is 21735643 composite?
False
Is 75833 a composite number?
False
Is 18746269 composite?
False
Is 15851243 a prime number?
False
Is 34743151 a prime number?
False
Is 123791 composite?
False
Is 184903301 a prime number?
False
Is 4852759 composite?
True
Is 20092693 prime?
False
Is 5952481 a composite number?
True
Is 9473753 a prime number?
True
Is 45916951 prime?
True
Is 2395051 composite?
False
Is 22917043 composite?
False
Is 27855023 prime?
False
Is 318108209 a composite number?
False
Is 8250251 composite?
False
Is 58844437 a composite number?
True
Is 1664477 a composite number?
True
Is 18895979 a prime number?
True
Is 543131363 prime?
True
Is 1259383 a prime number?
False
Is 6357529 prime?
True
Is 504585517 a composite number?
True
Is 26424533 a composite number?
False
Is 331297 a prime number?
False
Is 9560623 a prime number?
False
Is 4694089 prime?
False
Is 5717941 a composite number?
True
Is 25549723 composite?
False
Is 6650207 composite?
False
Is 3501091 prime?
False
Is 2381681 a composite number?
True
Is 2742923 a prime number?
False
Is 1498279 composite?
False
Is 50086637 a composite number?
True
Is 8332529 prime?
True
Is 46785067 a composite number?
True
Is 1130364679 prime?
True
Is 224932307 composite?
False
Is 514847269 a prime number?
True
Is 668273 composite?
False
Is 81525517 prime?
False
Is 20557577 a prime number?
False
Is 15637591 a composite number?
True
Is 28962581 prime?
True
Is 8751503 a prime number?
True
Is 11139949 prime?
True
Is 18465805 a prime number?
False
Is 2792459 prime?
True
Is 1947359 a prime number?
True
Is 102147161 composite?
True
Is 143672107 a composite number?
True
Is 457437733 composite?
True
Is 568288847 composite?
True
Is 101322163 composite?
False
Is 906151651 a prime number?
True
Is 1574599 a prime number?
False
Is 77471501 a prime number?
True
Is 120686891 a prime number?
False
Is 11950999 composite?
True
Is 303963697 a prime number?
True
Is 10879573 prime?
True
Is 284210362 a composite number?
True
Is 29962793 prime?
False
Is 2744411 a prime number?
True
Is 692817331 composite?
True
Is 38868658 prime?
False
Is 476529 a prime number?
False
Is 5286245 a prime number?
False
Is 12599341 a prime number?
False
Is 54946559 composite?
False
Is 113711 composite?
True
Is 2580073 a composite number?
True
Is 2678933 a composite number?
True
Is 14063195 a composite number?
True
Is 24370421 composite?
True
Is 22866077 composite?
True
Is 7822109 a composite number?
False
Is 1071977 a prime number?
True
Is 71050345 a prime number?
False
Is 55004491 prime?
True
Is 20084369 prime?
False
Is 789827 composite?
True
Is 56951729 a prime number?
False
Is 8186771 prime?
False
Is 31814777 a prime number?
True
Is 295549 prime?
False
Is 226725035 composite?
True
Is 75703 a composite number?
False
Is 60864431 composite?
False
Is 5222537 prime?
False
Is 64240243 prime?
False
Is 100443221 prime?
True
Is 3898009 composite?
True
Is 19501987 prime?
True
Is 611411599 composite?
True
Is 2890339 a prime number?
False
Is 44864869 prime?
False
Is 31568885 prime?
False
Is 7131731 composite?
True
Is 594653 composite?
False
Is 689807 a composite number?
False
Is 4233247 a composite number?
False
Is 4765861 composite?
True
Is 5038517 a prime number?
False
Is 5844929 composite?
True
Is 22277657 a composite number?
False
Is 3310357 composite?
False
Is 80931593 a composite number?
False
Is 4524053 a prime number?
True
Is 45101317 a prime number?
True
Is 81401 composite?
False
Is 11605259 a composite number?
False
Is 5375042 a prime number?
False
Is 275255209 a prime number?
True
Is 1572013 a prime number?
False
Is 27549967 a prime number?
True
Is 1769423 a composite number?
False
Is 2309303 prime?
True
Is 98811733 composite?
True
Is 118403 prime?
False
Is 15025733 prime?
True
Is 204041689 a composite number?
False
Is 18737311 a prime number?
True
Is 15856559 composite?
False
Is 7084037 a prime number?
False
Is 23068979 a composite number?
True
Is 5868659 composite?
True
Is 11401049 a prime number?
False
Is 12444745 a composite number?
True
Is 11808023 composite?
True
Is 4269491 composite?
False
Is 2837573 a prime number?
False
Is 801193 composite?
True
Is 37419241 a prime number?
True
Is 11948941 a prime number?
True
Is 7569211 prime?
False
Is 22100941 composite?
False
Is 136316303 a prime number?
True
Is 1663091 a composite number?
False
Is 7290489 prime?
False
Is 3340103 a composite number?
True
Is 500077 a prime number?
False
Is 60699803 prime?
False
Is 35516014 a prime number?
False
Is 8541539 a prime number?
False
Is 221475659 prime?
True
Is 612131 composite?
True
Is 210972901 prime?
True
Is 19953931 composite?
True
Is 21028495 prime?
False
Is 69830261 prime?
True
Is 7207987 composite?
False
Is 118317 prime?
False
Is 31095893 prime?
True
Is 1037233777 composite?
False
Is 1249799 prime?
True
Is 39872957 a composite number?
False
Is 67103 a composite number?
False
Is 6291617 composite?
True
Is 16493059 prime?
False
Is 2578313 a prime number?
False
Is 323035231 a composite number?
False
Is 83645519 a composite number?
True
Is 9580999 prime?
True
Is 168781703 prime?
False
Is 101802251 a prime number?
True
Is 2129599783 prime?
True
Is 8487527 a prime number?
True
Is 746834573 prime?
True
Is 123446237 prime?
True
Is 23805395 a composite number?
True
Is 3215279 prime?
False
Is 946601 a composite number?
True
Is 199949897 prime?
False
Is 3171505 a prime number?
False
Is 2377087 composite?
True
Is 1031161 composite?
False
Is 492549 prime?
False
Is 173603467 prime?
True
Is 52745773 composite?
False
Is 11431383 a composite number?
True
Is 29132911 a prime number?
False
Is 32011631 prime?
True
Is 109164821 a composite number?
False
Is 27763349 a composite number?
True
Is 1650205 a prime number?
False
Is 207682913 composite?
True
Is 42717823 composite?
False
Is 3008471 prime?
False
Is 41543597 a composite number?
True
Is 25340617 composite?
False
Is 182813 a composite number?
False
Is 243023861 a prime number?
True
Is 15851141 composite?
True
Is 75889 a prime number?
False
Is 2814961 a composite number?
True
Is 46798 a composite number?
True
Is 256699 prime?
True
Is 205182533 a prime number?
True
Is 4811473 a composite number?
True
Is 12494723 prime?
False
Is 3229331 prime?
False
Is 8094477 composite?
True
Is 67328471 composite?
True
Is 19757755 a prime number?
False
Is 458159213 a prime number?
True
Is 3595021 a prime number?
False
Is 113396779 a prime number?
False
Is 14099 a prime number?
False
Is 1479409 a prime number?
True
Is 286903907 a composite number?
False
Is 72